15. Calculate the remainder when (-11 - 1)*y/(-2) is divided by 9.
6
Let z(b) = -b - 3. Let j be z(-4). Let o be 0/(j + 1) - -5. Suppose -4*m - 32 = -o*m. Calculate the remainder when m is divided by 17.
15
Suppose -2*s + 5*s - 9 = 0. Suppose 2 = -v - s*d, 4*v + d - 2*d = 44. Let k = 12 + 6. What is the remainder when k is divided by v?
8
Suppose 3*j = -4*d + 2*j - 8, 5*d + 10 = -2*j. Let z(r) = -2*r**3 - 2*r**2 - 3*r - 3. Calculate the remainder when 31 is divided by z(d).
9
Suppose -4*w - 3*u + 411 = -0, 124 = w + 5*u. Suppose -5*q = -w - 191. What is the remainder when q is divided by 15?
13
Suppose -3*t = -t - 4*u, 20 = 4*u. What is the remainder when 38 is divided by t?
8
Let c(w) = -w**2 - 29*w + 1. Let t(g) = -g**2 - 15*g. Let n(l) = 3*c(l) - 5*t(l). What is the remainder when n(8) is divided by 12?
11
Suppose -2*s - 14 = 2*t, 4*s + 3 = s. Let n = 10 + t. Suppose -4*z = -0*z - 12. What is the remainder when n is divided by z?
1
Suppose 6*p = p + 70. Let m(f) = -f + 4. What is the remainder when p is divided by m(-4)?
6
Suppose 3*o = 57 + 3. Calculate the remainder when 97 is divided by o.
17
Let y be 4/(12/(-9))*1. Let f(q) = -q**3 - 4*q**2 - q + 1. Let b be f(y). Calculate the remainder when 20 is divided by (-54)/b - (-5)/25.
9
Suppose 0*h - o = -2*h + 91, -3*o + 244 = 5*h. Let p(l) = 12*l**3 - l**2 + l. What is the remainder when h is divided by p(1)?
11
Suppose 124 - 10 = 6*t. What is the remainder when t is divided by 5?
4
Let y be 48/(-15)*75/(-6). What is the remainder when (-268)/(-10) - (-8)/y is divided by 15?
12
Suppose 314 - 72 = 2*z + 4*m, 2*z = 3*m + 221. Calculate the remainder when z is divided by 39.
37
Let t = -82 + 123. What is the remainder when t is divided by 9?
5
Suppose -12 = a - 5*a. Suppose -3*s + 12 = h - 4, -a*s = -3*h - 36. Suppose s*u - 12 = 4*u. Calculate the remainder when 6 is divided by u.
2
Suppose -v = -4*i - 62, v - 2*i + 48 = 120. Calculate the remainder when v is divided by 42.
40
Let n = -27 + 7. Let s = 6 + -1. What is the remainder when (18/(-15))/(3/n) is divided by s?
3
Suppose -15 = -4*v + v. Calculate the remainder when 8 is divided by v.
3
Calculate the remainder when (2/3)/(6/171) is divided by 1/((-2 + 3)/5).
4
Let w(i) = i**3 - 9*i**2 + 2*i - 9. Let h = -3 + 5. Suppose 15 + 35 = h*d. Calculate the remainder when d is divided by w(9).
7
Suppose -4*o = o - 170. What is the remainder when 133 is divided by o?
31
Suppose 3*i = y + 2*i - 38, y + 2*i = 44. Calculate the remainder when 153 is divided by y.
33
Let z(s) = -3*s - 37. Calculate the remainder when 152 is divided by z(-17).
12
Suppose -4*l - 5*n + 31 = -l, 1 = l + 4*n. Suppose 2*g - 4*w = -3*w + 65, 1 = w. Calculate the remainder when g is divided by l.
16
Let p = 57 + -50. Calculate the remainder when 13 is divided by p.
6
Let o be -22*(6/(-4))/3. Let i(z) = 8*z - 10. Calculate the remainder when i(o) is divided by 27.
24
What is the remainder when 9/36 + (-231)/(-4) is divided by 30?
28
Suppose -l - 3*l + 46 = 2*u, -4*u - 5*l + 89 = 0. Calculate the remainder when u is divided by (2 + 5/(-3))*18.
3
Suppose -40 = 2*s + 2*a - 136, -3*s = 2*a - 147. What is the remainder when s is divided by 26?
25
Suppose 6*o - 813 - 69 = 0. What is the remainder when o is divided by 25?
22
Let s(v) = -v**3 - 4*v**2 - 5*v - 6. Let b(d) = -2 + 0*d**2 + d**2 - 5 - d. Calculate the remainder when s(-4) is divided by b(-3).
4
Let j be 4 - (1 + (-1 - 2)). Calculate the remainder when 8 is divided by (2/j)/(5/75).
3
Let z(x) = 4*x**2 + x + 3. Let r be z(-3). Suppose h - 2*j - 12 = 0, -3*h = -7*h + 2*j + r. What is the remainder when 29 is divided by h?
5
Let q = 7 - 2. Suppose q*c + 33 = 8*c. Calculate the remainder when 21 is divided by c.
10
Suppose 2*f - 66 = -3*t, 0 = 2*t - f - 19 - 32. Calculate the remainder when 94 is divided by t.
22
Let q(a) = 7*a - 22. What is the remainder when 67 is divided by q(8)?
33
Suppose -4*u - 395 = -5*f, -u - 2*f = -f + 101. Let b = u + 165. What is the remainder when b is divided by 22?
21
Let h(k) = k**2 + 7*k + 10. Let a be h(-6). Suppose -48 = -4*m + a. What is the remainder when m is divided by 8?
5
Calculate the remainder when ((-4)/(-3))/((-2)/(-201)) is divided by 27.
26
Let q be (36 - (-6 - -3)) + 2. Suppose -31 = -4*l + q. Suppose -44 = -n - 9. Calculate the remainder when n is divided by l.
17
Let i(o) = -9*o + 2 - 2 - 7 + 3*o. Calculate the remainder when 45 is divided by i(-5).
22
Suppose 9 = 7*n - 131. What is the remainder when 97 is divided by n?
17
Suppose -4*v + 18 = 3*t, -t - t = -4*v - 32. What is the remainder when 44 is divided by t?
4
Suppose -81 = 3*q - 6*q. Calculate the remainder when 52 is divided by q.
25
Let i(d) = -d**2 + 8*d - 2. Suppose -9 = -2*o - 1. Suppose -3*k - 105 = -u - 2*u, 66 = 2*u - o*k. What is the remainder when u is divided by i(3)?
11
Let w = -14 + 23. What is the remainder when 1 - (5 - (23 - -6)) is divided by w?
7
Suppose 83 = 5*h - 3*l, h - 59 = -3*h - 5*l. Let s(z) = z**2 - 4*z + 2. Let c be s(3). Calculate the remainder when 138/(-15)*5/c is divided by h.
14
Let f = 5 - 2. Let j be 28/3*f/1. Let q = 1 + j. Calculate the remainder when q is divided by 10.
9
Let c be 6/(1/2*2). Suppose g - c = -g. What is the remainder when 4 - 9/3 - -3 is divided by g?
1
Suppose 2*v + 15 = 5*v. Suppose -89 = -v*r + 4*w, r - 72 = -3*r + 3*w. What is the remainder when 40 is divided by r?
19
Suppose -20 = -5*f - 0*f - 4*i, i = -3*f + 5. Let t(p) = 6*p + 1. Let k be t(1). Let v = k - f. Calculate the remainder when v is divided by 3.
1
Suppose 4*b = 5*b - 16. What is the remainder when 47 is divided by b?
15
Let s(k) = 3*k**2 + 7*k + 5. What is the remainder when s(-4) is divided by 13?
12
Let o be (-3)/(1*(0 + -1)). Suppose -n = -o*n + 20. Calculate the remainder when 18 is divided by n.
8
Let p(k) = -4*k - 3. Let o be (-6)/(-21) - (-30)/(-7). Let f(c) = -c**3 + 5*c**2 + c + 4. What is the remainder when f(4) is divided by p(o)?
11
Let x(m) = m**3 + 6*m**2 + 2*m - 1. What is the remainder when 0 + -1 + 0 + 41 is divided by x(-5)?
12
Let s = -18 - -19. What is the remainder when 51 is divided by -4 + s - (-1 + -15)?
12
Let o(j) = j**3 + 17*j**2 + j + 19. Let w = 0 + -17. Suppose -a - 4 = -l, 0 = -8*l + 4*l - 4*a - 8. Calculate the remainder when o(w) is divided by l.
0
Suppose -3*b + 42 = 5*g, 2*b - g - 6 = 3*g. Let s = b - 17. Let d(f) = -f**3 - 6*f**2 + 11*f + 8. What is the remainder when d(s) is divided by 25?
23
Suppose 28*k - 29*k + 10 = 0. What is the remainder when 37 is divided by k?
7
Let s(l) be the second derivative of l**3/6 + l**2/2 + 2*l. Let z = -6 + 9. What is the remainder when s(6) is divided by z?
1
What is the remainder when 10 is divided by (-1 - -8) + (-8 - -6)?
0
Suppose 5*h = -5*t + 40, 0 = 3*t + h - 31 + 7. Let z = 192 - 169. Calculate the remainder when z is divided by t.
7
Let s(b) = 11*b**2 + b + 1. Let h be s(2). Let m = 80 - h. Calculate the remainder when m is divided by (13 + (-3)/1)*2 + -3.
16
Let q = 11 - -10. Calculate the remainder when q is divided by 6.
3
Let n = 20 - 11. What is the remainder when 230/14 + 3/(-7) is divided by n?
7
What is the remainder when 62 is divided by (0 - (1 + -3 - 31)) + -1?
30
Let d be (-2 - 1)*(-25)/15. Suppose x = d - 1. Suppose -4*g + 3*n + 5 = -64, x*g - 54 = -2*n. Calculate the remainder when g is divided by 8.
7
Let s(i) = -i + 34. Let x be s(0). Suppose -3*m - 5*r + x = 0, 33 = -4*m - 4*r + 89. What is the remainder when 53 is divided by m?
17
Let d(v) = -v. Let q be (8 - 6)*2/4. Let c be (-8 + 7)/(q/3). Calculate the remainder when d(c) is divided by 2.
1
Let k be (-4)/(-12) + (-2)/6. Suppose -3*l + 3 + 0 = k, 2*l + 13 = 3*q. What is the remainder when (7*-3)/(-3)*2 is divided by q?
4
Let t(o) = -o + 18. Let v be t(10). What is the remainder when 37 is divided by 8*4/v*2?
5
Suppose 4*t + 0 = 76. Suppose 0 = -3*i + 2*b + 25, -2*i + 11 = 4*b + 5. What is the remainder when t is divided by i?
5
Let s = 9 + 2. What is the remainder when s is divided by 4?
3
Let n be 6*3/6 - 3. Suppose -3*d - 2*d = n. Suppose 2*p - 32 = -d*p. Calculate the remainder when 45 is divided by p.
13
Let i be 5 + (-1 - 1)*1. Let t(y) = -y**2 + 184. Let r be t(0). Suppose -x + 0*x = i*j - 61, 4*x - 3*j = r. What is the remainder when x is d